v).
-6
Suppose 0*b + 5*w = 2*b + 20, 0 = 3*b - 5*w + 25. Let s(v) be the third derivative of -v**6/120 - v**5/15 + v**4/6 - v**3/3 + 19*v**2. Give s(b).
3
Suppose -5*y + 217*n = 222*n + 5, -1 = -3*y - 4*n. Let d(z) = 4*z**2 + 28*z + 36. Determine d(y).
-4
Suppose 0 = -7*n - 332 + 122. Let l be 90/n*(7/(-3) + 1). Let t(b) = b**2 - b. Let j(s) = 2*s**2 + 2*s - 1. Let a(x) = -j(x) + 4*t(x). Determine a(l).
9
Let g(x) = -x - 3. Suppose 56*c + 14 = 54*c. Let i be 8/(-3) - c/(-21)*1. Calculate g(i).
0
Let y(p) = 49*p**2 - 1. Let a be y(-1). Suppose 28*c = 22*c + a. Let m(b) = -2*b - 1 - c*b + 5*b + 4*b. Calculate m(9).
-10
Let d(z) = 18*z**3 - 37*z**2 + 84*z - 128. Let h(l) = 11*l**3 - 22*l**2 + 50*l - 77. Let t(i) = 8*d(i) - 13*h(i). Determine t(7).
-16
Let t(o) = o**3 + 10*o**2 - 7*o + 9. Suppose -80*z = -58*z + 242. Calculate t(z).
-35
Let n(y) be the third derivative of 0*y - y**3 + 0 - 1/6*y**4 + 240*y**2. Calculate n(-6).
18
Let q(b) be the second derivative of -b**3 - 63*b**2 + 683*b. What is q(-19)?
-12
Let b be -1*(-189 - -2)/(-10 - -9). Let q = b - -187. Let n(l) = -2*l**2 + 5*l + 1. Let m(v) = v**2 - 3*v - 1. Let j(y) = 5*m(y) + 3*n(y). What is j(q)?
-2
Suppose 54*b - 60*b = -1926. Let r(h) = b*h + 0*h**3 + 4*h**2 + 2*h**2 - 322*h + 2 + h**3. What is r(-6)?
8
Let d(v) = -v - 4 + 4. Let z = -2 + 0. What is d(z)?
2
Let t(v) = 1121 - 15*v - 2015 + 1119. Determine t(15).
0
Let p(i) = -2*i - 1. Let v(x) = 3*x + 4. Let m(n) = 3*p(n) + v(n). Let b be ((-9)/(-6))/(12/16). Determine m(b).
-5
Let o(i) = 14*i**2 - 1 - 13*i**2 + 0 + 6. Suppose z + 3*q - 3 = 9, -8 = 3*z - 2*q. Suppose z = -k + 4*k. What is o(k)?
5
Let v(n) = -2*n. Suppose 5*b + 5*j - 55 = 0, -5*j + 40 + 7 = 4*b. Let o be b/(-32) - 2/(-8). Let h be (15 + 0)/5 + o. Calculate v(h).
-6
Let p(o) = o**2 - 17*o - 14. Let k be -1 + (-48)/(-6) + 10. Determine p(k).
-14
Let w(f) = f**2 - 2*f - 5. Let h(d) = -2*d**2 - 34*d + 2. Let z be h(-14). Let l = 90 - z. Let u be w(l). Let g(n) = 2*n. What is g(u)?
6
Suppose -75 = -3*f + 468. Let o(z) = z - 5*z - 185 + f - 3*z**2. Give o(-3).
-19
Let o = -558 - -565. Let z be (-8 - -1)*(-5)/(105/18). Let h(f) = -6*f - z*f**2 + f**3 - 3 + 4 + 0*f**3 - 3. What is h(o)?
5
Let g(r) = r - 16. Let u be (-171)/38*(-160)/(-30). Give g(u).
-40
Suppose 0 = 14*g - 25*g + 242. Suppose 4*s + g = 42. Let t(b) = -b**2 + 5*b + 6. Determine t(s).
6
Let g(i) be the third derivative of i**8/20160 + i**7/5040 - i**6/360 - 8*i**5/15 + i**3/6 - 42*i**2. Let h(y) be the third derivative of g(y). Calculate h(-6).
28
Let v(i) = -28*i - 27*i + 1 + 47*i - 3. Let s = 6155 + -6152. Give v(s).
-26
Let g(u) be the first derivative of u**4/4 - 4*u**3/3 + u**2 - 6*u - 17. Let b(w) = -w**2 - 3*w + 16. Let j be b(-6). Let v be 7 - (5 - (-4)/j). Give g(v).
2
Let p(u) be the second derivative of 7*u**3/6 - 14*u**2 + 3*u - 229. Determine p(8).
28
Let g(k) = -5*k. Let b(q) = 11*q + 3. Let x be b(5). Let i(h) = -8 - 2*h - 26 + x - 6. Let j be i(10). Calculate g(j).
10
Let l(j) be the second derivative of 0*j**3 + 13/120*j**5 + 0*j**2 - 10*j - 1/720*j**6 - 1/6*j**4 + 0. Let o(k) be the third derivative of l(k). Give o(0).
13
Suppose 0 = 2*u - 6*u + 52. Suppose -23 = -4*v + u. Let b(l) = -v + l - 2*l + 14 - 6. Determine b(6).
-7
Let c(y) = 5*y - 10. Let t(w) = 193*w + 1346. Let k be t(-7). Determine c(k).
-35
Let z(g) = -g**3 + 8*g**2 + 4*g + 44. Suppose f = -4*l + 36, 299 - 326 = -3*l - 4*f. What is z(l)?
-1
Let k(r) = -r**2 - 44*r - 162. Let t(v) = 39*v - 313. Let f be t(7). Let w be k(f). Let s(l) = -1 + 1 - 4*l. Calculate s(w).
8
Let t = 60 - 63. Let k(g) = 6*g + 6. Let b(p) = p + 1. Let d(v) = -v**2 + 6*v - 10. Let l be d(4). Let n(i) = l*k(i) + 11*b(i). Calculate n(t).
2
Let w(q) be the third derivative of q**5/60 - q**4/12 + 19*q**3/6 + 81*q**2 - 3*q. Calculate w(5).
34
Let n(d) = -8*d + 3. Let c(f) = 174*f + 344. Let p be c(-2). What is n(p)?
35
Let b(c) = 546*c - 1051*c - 9 + 506*c. Calculate b(5).
-4
Suppose 4*x - 4 = d + 5, -d = -x + 6. Suppose 0 = 3*v - 2*h - h, 0 = -h. Let q(p) = -38*p - 1 + 44*p + 6 + p**2 + v. Give q(d).
0
Let u(k) = 11 - 3*k**2 - 3*k - k**3 - 11 - 1. Suppose r - c + 5 = -2*c, 2*r - c + 1 = 0. Let h be (5/(-5) - r) + -3. Calculate u(h).
1
Suppose -c - 3*k = 4, -2*k = 4*c - c - 2. Let h(y) = y**3 + y**2 - 6*y + 7. Give h(c).
7
Let b(p) be the second derivative of -p**4/6 - 4*p**3/3 + 5*p**2 + 2*p. Let d = 606 - 603. Let t(k) = 3*k**2 + 17*k - 19. Let j(c) = d*t(c) + 5*b(c). Give j(6).
23
Let l(f) = f**2 + f - 3. Let o be 0/((-3)/((-9)/12)). Suppose 3*t = -o*t - 5*z + 263, 0 = 4*t - 4*z - 404. Let r = t + -99. Give l(r).
3
Let r(f) be the third derivative of -f**4/24 + 91*f**2. Suppose z + 3*p = 1, 5*p - 2 - 7 = 2*z. What is r(z)?
2
Suppose 0 = 5*y + 2*r - 19, -3 = -3*y + 2*r + r. Let z(d) = -4*d**3 - 7 + 5*d**y + 3*d + 10*d**2 - 4*d**2. What is z(-6)?
-25
Let z = 2067 - 2065. Let w(j) be the first derivative of -1/2*j**z + j + 28. Give w(4).
-3
Let l(c) be the third derivative of -c**6/60 - 23*c**5/60 - 5*c**4/8 - 9*c**3/2 - 78*c**2 + c + 2. Determine l(-11).
17
Suppose -d = g - 5, -6*d + 6 = 22*g - 24*g. Let o(y) = -3*y**3 + 5*y**2 + 4*y - 2. Calculate o(g).
-26
Let x(d) be the first derivative of 8 - 1/3*d**3 + 4*d + 7/2*d**2. Determine x(7).
4
Let u(p) be the third derivative of p**4/24 + p**3/2 + 1339*p**2. Calculate u(-6).
-3
Let n(c) = 3*c - 3. Let g(w) = -w**3 + 8*w**2 + 10*w + 15. Let a be g(9). Let z = 31 - 60. Let q = a + z. Determine n(q).
-18
Let w(z) be the first derivative of -z**3/3 + 2*z**2 - 4*z - 1. Suppose 1664 = -148*f + 135*f. Let d be (-3)/(11/(-36) - f/(-288)). What is w(d)?
-4
Let u(w) = 5*w + 1. Let c(q) = q**2 + 1. Let d(l) = -4*l**2 - 2*l - 41. Let x(b) = 5*c(b) + d(b). Let v be x(9). Let p = v + -28. What is u(p)?
-4
Let a(o) = -3*o + 1. Suppose -4*w - 17 = -2*j + 1, -2*w + 67 = 3*j. Let t = j - 27. Calculate a(t).
25
Let b(f) = 6*f**2 - 27*f - 12. Suppose 70*u = 68*u + 10. Let o be b(u). Let p(c) = 2*c - 4. Let h(k) = -7*k + 11. Let s(t) = -3*h(t) - 8*p(t). Give s(o).
14
Let b(p) be the second derivative of -11*p**5/5 - p**3/6 - 128*p + 50. Let w be -1*(0 + (0 - -1)). Calculate b(w).
45
Let k(u) = 2*u**2 - 27*u + 49. Let s be (-15)/(-9)*(-990)/(-825). Calculate k(s).
3
Let j be (-130)/(-15) + (-3)/(-9). Let b = 28 - j. Let w(r) = -7*r - r**2 + b - 12 - 12. What is w(-5)?
5
Suppose 8 - 2 = 3*m. Let h(w) = w**3 - 13*w**2 + 13*w - 6. Let p be h(12). Let u(i) = -i**m + 1615 + 3*i - 1624 + p*i. Give u(6).
9
Let x be ((-24)/(-6))/8*-34. Let a(j) = -9*j - 10. Let o(h) = 3*h + 3. Let s(k) = x*o(k) - 6*a(k). Give s(9).
36
Let z = -678 + 683. Let k be -6*((-39)/9 + z). Let l(t) = t**2 + 6*t - 1. Determine l(k).
-9
Let n(h) = -3*h**2 + h**3 + 0*h**2 - 9*h**2 - h + 9*h + h**2 + 10. Let z(c) = c + 14. Let p be z(-4). Determine n(p).
-10
Let h(i) = -i**2 + 12*i - 31. Let r be h(3). Let o(l) be the second derivative of -l**5/20 - l**4/4 + l**3/3 - 3*l**2/2 + 1001*l. What is o(r)?
5
Let q(z) = 38*z + 6. Suppose 25*b = 24*b - 17*b + 18. Calculate q(b).
44
Let g(m) = 4*m + 40. Suppose -24*v - y + 33 = -27*v, 4*v = 2*y - 46. Determine g(v).
0
Let g(r) = -r**2 - 10*r - 16. Let u be (-1)/(-2 - 58/(-28)). Let t be g(u). Let y = t + 73. Let n(p) = -2*p + 1. Calculate n(y).
-1
Let y(t) = -5*t - 6. Let r(c) = -34 + 10*c - 60 + 26*c + 142. Let p(n) = -2*r(n) - 15*y(n). Give p(-5).
-21
Let d(v) = 296 - 312 + 51*v - 21*v. Determine d(2).
44
Let y(z) = z**2 - 22*z - 79. Let v be (-2066)/(-46) - 20 - (18/69)/(-3). Determine y(v).
-4
Let p(x) = x - 73. Suppose -119 = -105454*q + 105447*q. Determine p(q).
-56
Let t(j) = 10*j**2 + 3*j - 5. Suppose -57*q - 95*q + 304 = 0. Calculate t(q).
41
Let s(j) be the second derivative of j**5/20 - j**4/2 + 5*j**3/6 - j**2/2 - 2*j - 147. Determine s(5).
-1
Let h(x) = 20 - 118 + 31 - x + 36 + 33. Suppose p = 3*r + 4*p + 45, -2*r - p = 30. Let o be (-2 + r/(-9))*-9. Give h(o).
-1
Let m(b) be the second derivative of -b**4/12 + 2*b**3/3 + 8*b - 1. Suppose 25 = 5*a - 2*f, -10*a - 5*f - 19 = -8*a. Calculate m(a).
3
Let n(l) be the third derivative of -l**6/120 - 7*l**5/30 + 7*l**4/8 + 101*l**3/2 + 5200*l**2. What is n(-14)?
9
Let r(u) = -u**3 - 2*u + 3. Let m(p) = -809*p + 10513. Let v be m(13). Determine r(v).
75
Let w(h) = -h - 1. 